3804240.
10480
What is the highest common factor of 299 and 6777641?
13
Calculate the greatest common divisor of 721 and 626017.
7
Calculate the highest common divisor of 14588 and 663717530.
7294
What is the greatest common factor of 158608395 and 65?
5
What is the greatest common divisor of 561 and 576249?
51
Calculate the greatest common divisor of 1523496 and 114.
114
Calculate the highest common divisor of 5635 and 211163.
23
Calculate the greatest common divisor of 31548 and 52515231.
717
What is the greatest common divisor of 6967761336 and 7272?
7272
What is the highest common divisor of 429812221 and 526?
263
What is the greatest common factor of 116169875 and 29025?
1075
What is the greatest common divisor of 7705 and 653592035?
7705
What is the greatest common divisor of 7208828 and 798?
38
Calculate the highest common divisor of 29106 and 71776782.
1386
What is the greatest common divisor of 80 and 134300?
20
Calculate the highest common divisor of 2471545 and 255.
85
Calculate the greatest common divisor of 154251 and 210627.
783
What is the highest common factor of 27914790 and 11790?
3930
Calculate the highest common divisor of 58533 and 45466.
179
Calculate the highest common factor of 85100 and 45725.
25
What is the greatest common factor of 185265 and 67689?
207
What is the greatest common divisor of 66608 and 451512?
8
Calculate the greatest common divisor of 11792973 and 222.
111
What is the highest common divisor of 172857 and 2225004?
471
What is the greatest common divisor of 1738 and 6676934?
22
What is the greatest common factor of 10135 and 906420?
5
Calculate the highest common factor of 678803 and 134212.
2581
Calculate the greatest common factor of 1156232 and 17248.
616
Calculate the greatest common divisor of 656314738 and 122.
122
What is the highest common factor of 11612200 and 140?
20
Calculate the greatest common divisor of 1953 and 65946548.
31
Calculate the highest common divisor of 861917 and 119.
119
Calculate the highest common divisor of 82 and 76882462.
82
What is the greatest common divisor of 42428280 and 60?
60
Calculate the greatest common factor of 4913084 and 726.
242
Calculate the greatest common factor of 12201155 and 7245.
115
What is the highest common divisor of 3467424 and 135264?
96
Calculate the highest common factor of 158614 and 540736.
142
Calculate the greatest common factor of 5045 and 3330709.
1009
What is the highest common factor of 493267 and 3811?
103
What is the greatest common factor of 7134 and 277617?
87
What is the highest common factor of 410 and 4706103?
41
Calculate the highest common factor of 301550 and 11730.
10
Calculate the greatest common factor of 173866 and 44506.
154
Calculate the greatest common factor of 5461707 and 2316.
579
Calculate the greatest common factor of 2995 and 472805.
5
What is the highest common divisor of 14414435 and 2555?
35
Calculate the greatest common factor of 22425336 and 216.
216
What is the highest common divisor of 29025 and 6920850?
3225
What is the greatest common divisor of 5943253 and 4443?
1481
Calculate the greatest common divisor of 939424 and 178036.
3788
What is the highest common factor of 197799 and 355929?
21
Calculate the highest common factor of 548366 and 277914.
182
Calculate the highest common factor of 24 and 485724.
12
Calculate the highest common factor of 6020 and 8898162.
602
What is the greatest common divisor of 627300 and 4842960?
1020
Calculate the highest common divisor of 12974284 and 4.
4
What is the greatest common factor of 317109240 and 888?
888
Calculate the greatest common divisor of 1504666 and 9694.
262
What is the highest common factor of 3937665 and 6?
3
What is the highest common factor of 555 and 2923350?
15
Calculate the highest common divisor of 156 and 138869432.
52
What is the greatest common divisor of 24681 and 78373?
433
What is the greatest common factor of 329782 and 1495422?
362
What is the highest common factor of 24 and 565104?
24
Calculate the greatest common factor of 123694157 and 313.
313
What is the highest common divisor of 5899017 and 21505?
391
What is the highest common factor of 5700 and 10530150?
150
What is the greatest common factor of 3364 and 7186345?
841
What is the greatest common divisor of 1783340 and 12540?
380
Calculate the greatest common factor of 1848 and 1059.
3
Calculate the greatest common factor of 151346046 and 2172.
1086
Calculate the greatest common divisor of 1473 and 24492553.
491
Calculate the highest common divisor of 883155 and 37635.
195
What is the greatest common factor of 7804898 and 7768?
1942
Calculate the greatest common factor of 19040 and 13992496.
1904
Calculate the highest common divisor of 1180 and 279280.
20
Calculate the highest common factor of 41624982 and 18.
18
What is the highest common factor of 40 and 4269784?
8
Calculate the greatest common divisor of 3690 and 79110.
90
Calculate the highest common factor of 145 and 21509155.
145
Calculate the greatest common factor of 18200 and 98406.
14
What is the greatest common factor of 60254 and 340371?
641
What is the greatest common divisor of 32357 and 2389309?
1703
What is the highest common divisor of 5520547 and 16336?
1021
Calculate the highest common factor of 13589 and 2501125.
107
What is the highest common divisor of 2325 and 274452300?
2325
What is the highest common divisor of 917 and 18039617?
131
What is the greatest common divisor of 27022 and 2208018?
458
What is the highest common factor of 55186378 and 39?
13
What is the highest common factor of 905 and 18325?
5
Calculate the greatest common divisor of 641 and 93173.
1
What is the highest common factor of 6 and 1358558?
2
What is the greatest common divisor of 138243 and 154483?
203
What is the highest common divisor of 92904 and 14334852?
588
What is the greatest common factor of 1376 and 44985052?
172
Calculate the highest common divisor of 731750 and 24730.
10
Calculate the greatest common factor of 13937770 and 434.
14
Calculate the greatest common divisor of 54733932 and 41118.
5874
Calculate the greatest common divisor of 1353 and 54608556.
123
Calculate the highest common factor of 2575632 and 52256.
368
Calculate the greatest common factor of 6266567 and 236.
59
What is the highest common divisor of 317049765 and 3405?
3405
Calculate the highest common factor of 910482 and 2064.
258
What is the greatest common factor of 646575 and 6976020?
3495
Calculate the highest common divisor of 1469 and 260126.
113
Calculate the highest common factor of 5539 and 2147031.
191
Calculate the highest common divisor of 3671975 and 258805.
955
What is the greatest common factor of 3360478878 and 522?
522
What is the greatest common divisor of 30264 and 196664?
104
Calculate the greatest common factor of 20667567 and 1107.
123
Calculate the highest common factor of 39373648 and 19024.
464
Calculate the highest common divisor of 10199216 and 92272.
1264
Calculate the highest common divisor of 67305 and 90435.
15
What is the greatest common factor of 3258216 and 4992?
312
Calculate the greatest common factor of 668733098 and 15747.
5249
Calculate the greatest common divisor of 15244 and 1119.
1
Calculate the greatest common divisor of 15386360 and 120.
40
Calculate the highest common divisor of 50 and 51577000.
50
Calculate the greatest common divisor of 1 and 3040757.
1
Calculate the highest common divisor of 2946754 and 444.
74
What is the greatest common divisor of 8035566 and 10626?
462
What is the greatest common divisor of 690 and 231705795?
345
What is the greatest common divisor of 64962178 and 95?
19
What is the greatest common factor of 126 and 1377754?
14
Calculate the highest common divisor of 14192 and 2395376.
16
What is the highest common factor of 118 and 4990?
2
Calculate the greatest common factor of 171028 and 1456.
52
Calculate the highest common divisor of 2938541 and 40721.
947
What is the greatest common divisor of 26324781 and 14565?
2913
Calculate the highest common factor of 155970 and 9090.
90
Calculate the highest common divisor of 720011 and 4.
1
What is the highest common factor of 1139 and 22528013?
67
What is the greatest common factor of 4224 and 175911296?
1408
Calculate the greatest common